 when p is divided by d.
12
Suppose 0 = 5*r + 3*t + 45, 0 = r - 2*t - 4. Let d = 498 + -435. Calculate the remainder when d is divided by (-195)/26*28/r.
28
Suppose 0*q + q = -7. Calculate the remainder when (q/4)/((-2)/104) is divided by (-2)/(20/(-322)) - (-127)/(-635).
27
Let t = 20557 + -20500. Calculate the remainder when 4102 is divided by t.
55
What is the remainder when 21766*((-495)/(-36) + -12) + 3/(-6) is divided by 11?
8
Let y(i) = 252*i - 87. What is the remainder when y(1) is divided by -1*6/(-33) - (-1365)/55?
15
Let d = 78 - 21. Suppose -13 = -14*n + d. Suppose 198 - 53 = n*a. What is the remainder when 84 is divided by a?
26
Suppose -10*r - 3744 = -18*r. Suppose -r = 4*j + 2*j. Let q = j + 148. Calculate the remainder when q is divided by 12.
10
Let o = -57 - -135. Calculate the remainder when 226 is divided by 2951/o - 1/(-6).
36
Let j = -5776 - -5874. Calculate the remainder when j is divided by 80.
18
Let a = 29 + 26. Let x = -94947 - -94961. What is the remainder when a is divided by x?
13
Let s(f) = 407*f**2 - 4397*f + 20. Calculate the remainder when s(11) is divided by 403.
94
Suppose 2*f - 95 = -4*b - 33, 0 = 2*b - 8. Let a be (640/112)/(1/35). Suppose -249*l + 244*l + a = 0. Calculate the remainder when l is divided by f.
17
Suppose -2*d = 0, -c - 2*d = -0*d - 2. Let f(n) = -3*n - 18 - c*n - n + 5*n. Calculate the remainder when f(-22) is divided by 4.
0
Let t(w) = -31*w - 34. Let c be t(-3). Suppose -c*h = -57*h - 72. Calculate the remainder when h is divided by (2 - 1)/(2/20).
6
Let r = 14 - 16. Let d(p) = 24*p**2 - 4*p + 3. Let b = 60 + -33. Calculate the remainder when d(r) is divided by b.
26
Suppose 0 = -22*u + 56*u + 32*u - 16368. Calculate the remainder when u is divided by 156.
92
What is the remainder when 3676 is divided by 10 + (-349)/(-2) + 86/(-172)?
180
Let x = 10 + 2. Suppose -4*k = -4*q + 64, 5*k + 26 = q + 10. What is the remainder when q is divided by x?
4
Suppose 3024 = 53*q - 11*q. Calculate the remainder when 876 is divided by q.
12
Suppose -28*r + 952 = -364. What is the remainder when 557 is divided by r?
40
Suppose -23352 = -22*z - 6*z. What is the remainder when (-1)/(828/z - (-1)/(-1)) is divided by 14?
13
Suppose 5*m = 10, -1234 = -3*k - 2*k + 3*m. Suppose -k = -p - 3*p. Let t(z) = -z**2 + 11*z + 3. Calculate the remainder when p is divided by t(9).
20
Let m(a) = a**2 + 19*a - 36. Let r be m(6). Let j = r - 68. Suppose 0*s = 6*s - 546. What is the remainder when s is divided by j?
45
Calculate the remainder when ((-1)/(1 + -4))/(2/20832*31) is divided by 24.
16
Let k = 285 - 221. Calculate the remainder when k is divided by 27.
10
Let t(n) = 5*n**2 - n - 1. Let p = -17 - -18. Calculate the remainder when t(-2) is divided by p/((-116)/(-28) + -4).
0
Let a(n) = 78*n**2 - 3*n + 1. Suppose 0 = -b - 12*u + 8*u + 50, -u = 14*b - 370. What is the remainder when a(2) is divided by b?
21
Let k(b) = b**2 - 2*b**2 - 680*b + 670*b - 9. Let m be k(-7). Suppose 2*f = 4*f - 5*d - 14, 5*d + m = f. What is the remainder when 10 is divided by f?
0
Suppose 4*z = -12, -578*u + 3*z = -577*u - 175. What is the remainder when u is divided by 49?
19
Let x be (-6)/(-63) - (-927)/189. Suppose 2*r + 1013 = 5*z, z - x*r - 273 = -52. What is the remainder when z is divided by 3?
0
Suppose -21*g + 13*g + 10*g = 76. What is the remainder when 322 is divided by g?
18
Let a(n) = 3*n**3 + 11*n**2 - 47*n - 17. Calculate the remainder when a(7) is divided by 25.
22
Let o = 17 - 13. Suppose -60 = -o*a - 4*g, -2*a = g + 4*g - 30. Suppose 6*j = 11*j - 145. Calculate the remainder when j is divided by a.
14
Let i = 172 + -138. Suppose 0 = 2*s + 616 - 1564. Calculate the remainder when s is divided by i.
32
Suppose -52*f + 122495 - 29531 + 48268 = 0. What is the remainder when f is divided by 143?
142
Let v = -1211 - -1390. Calculate the remainder when 419 is divided by v.
61
Let d = 6739 - 6551. What is the remainder when 757 is divided by d?
5
What is the remainder when 18*477/(-18)*8/(-18) is divided by 105?
2
Suppose -1242*z + 1236*z + 126 = 0. Suppose 1319 = z*x + 122. Calculate the remainder when x is divided by ((-24)/(-20))/(3/40).
9
Suppose -o - 100 = -2*n, -5*n + 3*o = -0*o - 247. Calculate the remainder when 306 is divided by n.
41
Suppose 13*u - 4*u = 3*u. What is the remainder when (134/4)/(3/12 + u) is divided by 46?
42
Let c = -79 - -167. Suppose c = x - 11. Suppose -663 = -18*i + 255. Calculate the remainder when x is divided by i.
48
Let h = 457 - 469. Let y(d) = -24*d + 22. What is the remainder when y(h) is divided by 39?
37
Let r(j) be the second derivative of -j**4/12 - 25*j**3/6 - 109*j**2/2 - 6*j + 4. What is the remainder when r(-9) is divided by 3?
2
Calculate the remainder when 355 is divided by (-8)/(-136) - 17584/(-476).
22
Let h = -18610 + 18706. What is the remainder when 1988 is divided by h?
68
Calculate the remainder when 8/14 - -7*(-33724)/(-196) is divided by 244.
229
Let s(v) = -v**2 + 2*v - 4. Let p be s(-3). Let d = p + 47. What is the remainder when d is divided by 26?
2
Let q(c) = 16*c + 41. Let w be q(13). Let j be (2 + -5)/(w/(-82) + 3). Suppose j + 2 = 4*s. Calculate the remainder when 83 is divided by s.
20
What is the remainder when 189 is divided by (6/(-8))/(3030/(-168) + 18)?
0
Let d be 7*(1*-3 - 273/(-49)). Let j(a) = a**3 - 19*a**2 + 20*a - 3. Let u be j(d). Calculate the remainder when 31 is divided by (18/(-4))/(1 + u/(-24)).
7
Let n = 27 + -27. Suppose -10 = -5*g, n*u + u - 755 = -3*g. Suppose -o = 6*o - u. Calculate the remainder when o is divided by 36.
35
Suppose 9*i + 4*o + 146 = 10*i, 3*i - 508 = -2*o. Let v = 193 - i. What is the remainder when v is divided by (14 - (-1 + -2)) + -3?
13
Suppose s = -2*m + 5*s + 58, 6 = 2*s. Suppose 125 = 3*k - 2*z - 173, 3*k - 292 = -z. What is the remainder when k is divided by m?
28
Suppose 4*u + 2*d - 22 - 8 = 0, 5*u + d = 45. What is the remainder when ((-330)/264)/(10/4)*-54 is divided by u?
7
Suppose -18*t + 3*t + 75 = 0. Suppose 2*g + 4403 = 2*b + 3*b, t = 5*g. Calculate the remainder when b is divided by 68.
65
Suppose 12770 - 4509 = 146*o - 20647. What is the remainder when 1360 is divided by o?
172
Calculate the remainder when 2729 is divided by (600/110)/(2/11).
29
Let d be ((-13)/26)/(1/22). Suppose -8*v - 207 = 33. Let m = d - v. What is the remainder when 52 is divided by m?
14
Let r(p) = -p**3 + 5*p**2 + 4*p - 5. Suppose -f - q + 9 = 0, 5*q - 6 - 19 = 0. What is the remainder when r(f) is divided by 8?
3
Let m(g) = -g**2 + 10*g - 18. Let j be m(3). Let t(l) = 3*l**3 - 2*l**2 + 9*l - 25. What is the remainder when t(j) is divided by 35?
30
Let u = 4568 + -4362. Calculate the remainder when 1210 is divided by u.
180
Let k = -3150 + 3227. What is the remainder when k is divided by 3?
2
Suppose 158*m + 5*k = 156*m + 223, -3*k = -m + 161. Let u(i) = i**3 - i**2 + 46. Calculate the remainder when m is divided by u(0).
42
Suppose 5*b = -5*j - 485, 3*j + 279 = -3*b + 6*b. Let l = 193 + j. What is the remainder when l is divided by 25?
23
Let z = -561 - -566. Suppose -2*k = -3*u + 2*k + 165, -5*u + z*k + 280 = 0. Calculate the remainder when u is divided by 29.
1
Suppose 4*p = u + 6712 - 407, 0 = -2*p - 3*u + 3135. Calculate the remainder when p is divided by 88.
79
Suppose 84 = 17*o - 24*o. Calculate the remainder when (-18)/12*(-716)/o*-4 is divided by 45.
43
Suppose -18 = -5*a + b, 0 = 3*a - 5*b - 3 - 21. Let l be 81/18 + a/(-6). Suppose 0 = l*r - 5*r + 17. Calculate the remainder when r is divided by 6.
5
Let h(k) = k**2 + 7*k - 12. Let l(d) = d**3 - 21*d**2 + 21*d + 3. Calculate the remainder when l(20) is divided by h(-9).
5
Let k = 615 - 434. Let n = k + -146. Calculate the remainder when 173 is divided by n.
33
What is the remainder when 15675/65 + 4/(-26) is divided by 25?
16
Let i be (42 - 16/(-4)) + -3. Suppose -i*c + 126 = -50*c. Calculate the remainder when 2/(-6 - -7) - c/2 is divided by 4.
3
Suppose -3*b + 120 = 5*u, -b - 69*u = -72*u - 26. Suppose 0 = 4*p + 96 + 140. What is the remainder when 4 + (0 + -3 - p) is divided by b?
25
Let a(s) = s**2 - 1. Let l(j) = j**3 + 39*j**2 + 3*j - 48. Let w be l(-39). Let p = w + 300. Calculate the remainder when p is divided by a(-3).
7
Calculate the remainder when 3/(-18) - (